3 divide 78551497?
True
Does 1696 divide 547963213?
False
Does 27 divide 471778231?
False
Is 13746271 a multiple of 1169?
True
Does 242 divide 8250816523?
False
Is 135 a factor of 48840305?
False
Is 1047 a factor of 136576001?
False
Is 1098 a factor of 262622580?
False
Is 361457652 a multiple of 2859?
True
Is 4672063 a multiple of 171?
False
Is 3617 a factor of 310280728?
True
Is 425657920 a multiple of 16?
True
Is 4426 a factor of 9980630?
True
Does 4 divide 5974376?
True
Is 277 a factor of 169862771?
True
Is 44439654 a multiple of 21?
True
Does 30 divide 69078904?
False
Is 1016359734 a multiple of 3071?
True
Is 141842647 a multiple of 90?
False
Is 492 a factor of 5761654560?
True
Does 749 divide 1020696005?
True
Does 330 divide 384167148?
False
Is 16 a factor of 984165283?
False
Does 551 divide 737449033?
True
Is 4013612 a multiple of 133?
False
Is 8798778 a multiple of 9?
True
Is 86950161 a multiple of 1110?
False
Is 4465 a factor of 183859770?
True
Is 3 a factor of 59199503?
False
Does 243 divide 980361387?
True
Does 74 divide 22917933?
False
Is 4622 a factor of 235030924?
False
Does 83 divide 13074930?
False
Is 689445363 a multiple of 1847?
False
Does 62 divide 48526656?
True
Does 340 divide 357875951?
False
Does 6112 divide 1976743040?
True
Is 12729248 a multiple of 28?
True
Does 16 divide 1672376142?
False
Does 54 divide 1023916680?
True
Does 229 divide 481931187?
True
Is 7 a factor of 230249411?
True
Is 1443433608 a multiple of 324?
True
Does 1523 divide 452676721?
True
Is 791445687 a multiple of 16?
False
Is 22962050 a multiple of 46?
True
Is 19021464 a multiple of 42?
True
Does 2519 divide 173350023?
True
Does 255 divide 1754048?
False
Is 9221 a factor of 621301759?
True
Does 10 divide 96061643?
False
Does 12 divide 1281174367?
False
Is 6 a factor of 22820685?
False
Does 1185 divide 56065905?
True
Is 43 a factor of 91859648?
False
Does 13 divide 1132669289?
False
Is 5325647 a multiple of 23?
False
Does 3731 divide 3974354475?
True
Is 7791 a factor of 162533899?
False
Is 196983792 a multiple of 206?
True
Is 293134047 a multiple of 109?
False
Does 4 divide 44056178?
False
Is 5 a factor of 8026813?
False
Does 51 divide 1194449274?
True
Is 223417571 a multiple of 4?
False
Is 980305611 a multiple of 14?
False
Is 321397339 a multiple of 33?
False
Is 601 a factor of 50793584?
False
Does 676 divide 16749252?
True
Is 75 a factor of 445125825?
True
Is 124252068 a multiple of 69?
False
Is 20 a factor of 185654980?
True
Does 3808 divide 479499552?
True
Does 35 divide 71269574?
False
Is 5 a factor of 185672670?
True
Is 17 a factor of 94095511?
False
Is 386 a factor of 33436316?
False
Does 1124 divide 14991540?
False
Does 107 divide 1581152268?
True
Does 6 divide 13741020?
True
Is 23 a factor of 317537073?
False
Is 3423 a factor of 224579607?
True
Does 17 divide 37760910?
True
Is 1590291391 a multiple of 8?
False
Is 11 a factor of 377431736?
True
Does 946 divide 1114063190?
False
Is 667 a factor of 150204868?
False
Is 54280248 a multiple of 130?
False
Is 30027312 a multiple of 22?
False
Does 43 divide 9948609?
True
Is 4142053560 a multiple of 6945?
True
Is 719 a factor of 227760941?
False
Is 252794430 a multiple of 35?
True
Does 2664 divide 4761156744?
True
Is 25507071 a multiple of 951?
False
Is 43781341 a multiple of 3?
False
Is 54474229 a multiple of 1930?
False
Is 197965889 a multiple of 10?
False
Is 1737490207 a multiple of 5?
False
Is 9084511 a multiple of 2?
False
Does 304 divide 6339312?
True
Is 352354241 a multiple of 111?
False
Does 66 divide 3785430?
True
Is 1667468685 a multiple of 2235?
True
Does 10 divide 215243390?
True
Is 104783292 a multiple of 182?
False
Is 159 a factor of 651992379?
True
Is 196295101 a multiple of 170?
False
Is 47668697 a multiple of 396?
False
Does 507 divide 251919681?
True
Is 45234779 a multiple of 4587?
False
Does 13 divide 56960396?
False
Is 245 a factor of 942027695?
True
Is 49 a factor of 478373041?
False
Is 664078450 a multiple of 25?
True
Does 271 divide 18399980?
False
Is 890775042 a multiple of 6?
True
Is 24242271 a multiple of 124?
False
Is 15538347 a multiple of 2013?
True
Does 11 divide 168801154?
False
Does 80 divide 1160837906?
False
Is 128185416 a multiple of 3?
True
Is 556455987 a multiple of 111?
True
Does 127 divide 358570149?
True
Does 307 divide 72827461?
True
Is 87 a factor of 115843291?
False
Is 573 a factor of 43423746?
False
Does 10 divide 128073472?
False
Does 12 divide 192149363?
False
Is 2 a factor of 185302468?
True
Does 19 divide 1486675748?
True
Does 16 divide 1510117599?
False
Is 16 a factor of 8307728?
True
Is 43 a factor of 239054463?
False
Is 15 a factor of 111977907?
False
Does 69 divide 138937089?
True
Does 1017 divide 98279570?
False
Is 18 a factor of 5745906?
True
Does 350 divide 379325800?
True
Does 24 divide 59589013?
False
Does 8495 divide 1365860080?
True
Does 1964 divide 24648200?
True
Does 45 divide 1135702444?
False
Does 3 divide 6707115?
True
Is 3 a factor of 107053520?
False
Is 14 a factor of 81559569?
False
Does 679 divide 41979854?
True
Is 14 a factor of 508382444?
False
Is 9 a factor of 1010180189?
False
Does 9 divide 992250495?
True
Is 124828707 a multiple of 545?
False
Is 236266016 a multiple of 812?
True
Is 475 a factor of 1731876600?
True
Does 23 divide 31091791?
True
Is 14 a factor of 777457711?
False
Is 27830053 a multiple of 29?
True
Is 32194288 a multiple of 8?
True
Is 13 a factor of 5841230?
False
Is 997112 a multiple of 904?
True
Does 28 divide 269275658?
False
Is 123629787 a multiple of 404?
False
Is 154103742 a multiple of 481?
True
Is 595 a factor of 46239830?
True
Does 1549 divide 17721665?
False
Is 70021123 a multiple of 71?
True
Is 38 a factor of 1477471018?
False
Is 197 a factor of 275249188?
True
Is 523253086 a multiple of 664?
False
Does 1062 divide 78774912?
True
Is 11 a factor of 87712719?
False
Is 126 a factor of 16032870?
True
Does 220 divide 63161402?
False
Is 81601348 a multiple of 46?
False
Does 109 divide 2145762119?
True
Does 8 divide 179106523?
False
Is 84980465 a multiple of 71?
False
Is 1646534927 a multiple of 2567?
False
Is 40486740 a multiple of 420?
True
Is 2459937128 a multiple of 8194?
True
Does 3442 divide 398554011?
False
Is 54 a factor of 42343344?
True
Is 5001589 a multiple of 93?
False
Does 15 divide 109404661?
False
Does 22 divide 114733718?
True
Does 3163 divide 62557814?
True
Does 92 divide 16611850?
False
Is 99094084 a multiple of 936?
False
Does 21 divide 23341836?
True
Does 949 divide 164572779?
False
Is 19205451 a multiple of 30?
False
Is 2470622244 a multiple of 45?
False
Is 68644581 a multiple of 40?
False
Is 278 a factor of 26514528?
True
Is 47 a factor of 945066997?
False
Is 105296822 a multiple of 5?
False
Is 15 a factor of 371468628?
False
Is 1142 a factor of 1076980890?
False
Is 250776001 a multiple of 253?
False
Is 7 a factor of 112506695?
True
Does 18 divide 156090654?
True
Is 28422204 a multiple of 3074?
True
Does 20 divide 451784740?
True
Is 173773050 a multiple of 5225?
True
Is 14341442 a multiple of 15?
False
Is 3 a factor of 2332011?
True
Is 25 a factor of 10104116?
False
Is 36323286 a multiple of 11?
False
Does 18 divide 634667082?
False
Is 1373146032 a multiple of 3837?
False
Is 222 a factor of 28747890?
True
Does 190 divide 27003750?
True
Is 94402590 a multiple of 1216?
False
Is 125118660 a multiple of 409?
False
Does 9 divide 58904694?
True
Does 789 divide 82830147?
False
Is 1812991751 a multiple of 5?
False
Does 344 divide 330819640?
True
Is 16 a factor of 139796608?
True
Is 109850076 a multiple of 84?
True
Is 9 a factor of 232239636?
True
Is 128406268 a multiple of 149?
False
Is 251827102 a multiple of 1691?
True
Is 490611841 a multiple of 93?
False
Is 15547467 a multiple of 30?
False
Is 168321972 a multiple of 668?
True
Is 3 a factor of 1078535?
False
Is 905041151 a multiple of 60?
False
Does 1749 divide 527035071?
False
Is 10 a factor of 4325972168?
False
Is 43 a factor of 83558789?
False
Is 83 a factor of 18157845?
False
Is 1649200142 a multiple of 87?
False
Does 728 divide 26008205?
False
Does 28 divide 841875?
False
Is 16 a factor of 229723574?
False
Does 9 divide 856124379?
True
Is 40 a factor of 2871491588?
False
Is 63818964 a multiple of 132?
True
Is 3 a factor of 10460800?
False
